= -5*m + 165. Calculate the remainder when x(-1) is divided by m.
33
Let n(o) = -o**3 - 8*o**2 + 14*o + 9. Let d be n(-10). Suppose 5*j + 19 = d. Let s = j + 4. What is the remainder when 54 is divided by s?
12
Let x = -11488 + 11528. What is the remainder when 220 is divided by x?
20
Suppose d - 132 = -5*d. Let r(o) = -46*o - 6. Let i(q) = 46*q + 5. Let w(h) = 2*i(h) + 3*r(h). What is the remainder when w(-2) is divided by d?
18
Let z = 3335 - 2883. Calculate the remainder when z is divided by 65.
62
Let w(o) = 3*o**3 - 67*o**2 + 20*o + 47. Calculate the remainder when 497 is divided by w(22).
2
Let t = 11523 + -11447. What is the remainder when 261 is divided by t?
33
Suppose -10*r + 7*r = 4*m - 2126, -5*m - 1425 = -2*r. What is the remainder when r is divided by 30?
20
Suppose -2*q + 47 = 3*c, 5*c + 3*q + q - 77 = 0. Let m be 2/(-5) + 3810/150. Suppose m*u - 48 = 24*u. What is the remainder when u is divided by c?
14
Suppose a = -a + 2. Let p(o) = 18*o**2 + 42*o**2 - 1 - o + 46*o**2 + 2. What is the remainder when p(a) is divided by 9?
7
Let b(h) = -h**3 - 31*h**2 + 11*h - 116. What is the remainder when b(-32) is divided by 112?
108
Let n = 1074 + -735. Calculate the remainder when n is divided by 11644/574 - (1/(-4) - (-30)/56).
19
Suppose 182*y - 205*y + 26864 = 0. Calculate the remainder when y is divided by 9.
7
Let i(w) = 4*w**2 - 58*w - 244. What is the remainder when 143 is divided by i(18)?
7
Let a = 4 - -2. What is the remainder when 3/a - (-111)/6 is divided by 4?
3
Let n = 2749 + -1409. What is the remainder when n is divided by 24?
20
Suppose 7*x - 5*x = 12. Suppose 7*f - 29 = x*f. Let v(r) = r**2 - 3*r + 3. Calculate the remainder when v(-6) is divided by f.
28
Let g = 21 + -12. Calculate the remainder when (-231)/(-33) - ((-60)/90)/((-2)/(-24)) is divided by g.
6
Suppose 18*z - 66 = 12*z. Suppose s = -z*s + 180. What is the remainder when 26 is divided by s?
11
Suppose 17*s = 16*s - 550. Let m = s + 586. Calculate the remainder when m is divided by 17.
2
Let h = 16539 - 15364. Calculate the remainder when h is divided by 28.
27
Let s = 432 - 430. Suppose s*i - 54 = -i. What is the remainder when 388 is divided by i?
10
Suppose 15 = 7*c - 2*c. Suppose 0 = a - 2*i - c - 6, 2*a = i + 27. Let m = 59 - a. What is the remainder when m is divided by 23?
21
Let z(c) = c**3 + 12*c**2 + 33*c + 14. Let w be z(-8). Calculate the remainder when ((-2)/(w + 2))/(5/(-1540)) is divided by 43.
34
Suppose 288*z - 2321 = 210*z - 133*z. Calculate the remainder when 30524 is divided by z.
10
Let f(b) = b**3 + 8*b**2 + 7*b + 6. Let y = -1070 + 1319. Calculate the remainder when y is divided by f(-6).
33
Suppose -3*j - 5*i + 152 = j, 113 = 3*j + 4*i. Let p = 63 - j. Suppose -2*c = 2*c - p, -2*b + 41 = -3*c. Calculate the remainder when 51 is divided by b.
23
Suppose 0 = 3*n - 6, 4*w - 3*n = 957 - 207. Let h = -169 + w. Calculate the remainder when 83 is divided by h.
3
What is the remainder when (-3648)/(-14) + (-267)/(-623) is divided by 89?
83
Let p(r) = -r**3 + 7*r**2 + 3*r + 2. Let n = 6774 - 6754. Calculate the remainder when p(4) is divided by n.
2
Let v = -12 - -24. Let z = v - 8. Suppose -12*d = -z*d - 112. What is the remainder when 41 is divided by d?
13
Let g = -40986 - -40988. Suppose 5*l - k - 15 = 0, 0 = -0*k + 2*k. Let i = 0 + l. Calculate the remainder when i is divided by g.
1
Let z(o) = -o**3 - 28*o**2 - 30*o + 7. Let d be z(-27). Let b = d + -9. Calculate the remainder when 9/(-2)*40/(-60) + b is divided by 12.
10
Suppose 1579 + 815 = 21*q. Let u(k) = k**2 + k + 2. What is the remainder when q is divided by u(-6)?
18
Let a(q) = -q**2 - q - 1. Let n(g) = -2*g**2 - 12*g - 28. Let b(o) = a(o) - n(o). Calculate the remainder when 620 is divided by b(-14).
68
Let q(c) = 22*c**2 + 23*c + 77. What is the remainder when q(-4) is divided by 17?
14
Let n = -384 - -375. Let i(k) = -2*k**2 - 28*k - 9. Suppose -4 = -b + 10. Calculate the remainder when i(n) is divided by b.
11
Let x = -317 - -812. Suppose x = 11*w - 11. What is the remainder when 226 is divided by w?
42
Let t(p) = -p**3 - 22*p**2 + 25*p - 5. Let d be t(-24). Suppose 3*z - d = 35. Suppose 484 = 5*a + z. What is the remainder when a is divided by 22?
14
Suppose 4*k - 5*s = -k + 25, 5*s + 5 = 0. Suppose 2*i = 4*f - 244, k*i - 6 = 2. What is the remainder when f is divided by ((-20355)/(-184))/5 + (-2)/16?
18
Suppose 0 = 72*f - 65*f - 329. What is the remainder when (0 + -2)/1 - -63 is divided by f?
14
Suppose 0 = -5*r - 177 + 642. Let x be (-38)/57*r/(-2). Suppose -x = -3*i + 11. What is the remainder when 40 is divided by i?
12
Let r(w) = w**3 - 14*w**2 + 17*w + 30. Let m be r(14). Suppose -4*p + 32 + m = 0. Calculate the remainder when p is divided by 11.
9
Suppose 7*y - 11*y + 56 = 0. Let b = -82 - -78. Calculate the remainder when y is divided by 8 - (9 - (b - -8)).
2
Let o = 15652 - 9533. What is the remainder when o is divided by 68?
67
Let d(t) = t**3 - 2*t**2 + t - 2. Let p(i) = 3*i**2 + 7*i - 69. What is the remainder when p(5) is divided by d(3)?
1
Let v = -1305 + 3039. Calculate the remainder when v is divided by 65.
44
Let p(x) = 63*x**2 + 23*x + 466. What is the remainder when p(-11) is divided by 14?
10
Let a(l) = -5*l - 36. Let b be a(-9). Suppose 0 = -3*w - b, -k + 397 = 3*k + 5*w. What is the remainder when k is divided by 28?
19
Let v be ((-1 - -2) + -5)*(-106)/8. Suppose 4*u = 163 + v. What is the remainder when u is divided by 6?
0
What is the remainder when (-11068)/(-6)*((-189)/(-18))/7 is divided by 13?
11
Suppose 29*g - 784 = -20*g. What is the remainder when 665/(-10)*(-4 + -2) is divided by g?
15
Let k be 7*(8/(-6))/(24/(-18)). Suppose -2*n + 921 = o, -k*o = n - 6*o - 460. What is the remainder when n is divided by 29?
26
What is the remainder when (2846 - 0) + 40/(-24)*12/(-20) is divided by 32?
31
Let z(y) = y**3 - 30*y**2 + 38*y - 139. What is the remainder when 1947 is divided by z(29)?
117
Suppose 2*o - 19 = -5*a, a - 3 = -2*a + 3*o. Suppose 393 - a = 30*i. Calculate the remainder when 15 is divided by i.
2
Suppose 0 = 2*w + g - 268 + 106, -5*g + 400 = 5*w. What is the remainder when 5902 is divided by w?
80
Let s = 64023 - 63987. Let z(i) = -i**3 + 5*i**2 + 3*i. Let b be z(5). Let t = b + 5. Calculate the remainder when s is divided by t.
16
Suppose 69*n - 93*n = 192. What is the remainder when 283 is divided by (-493)/(-12) - n/(-96)?
37
Let a be 1/(-6)*-6 - -1*41. Let p be (676/(-2))/(12/a*7). Calculate the remainder when 3 is divided by (-74)/(-26) - 26/p.
0
Suppose 0 = -q + 32 + 26. Let t(b) = -6732*b + 27101. What is the remainder when t(4) is divided by q?
57
Let h = -7959 - -8492. Calculate the remainder when h is divided by 108.
101
Suppose 398*c - 4536 = 209*c. Let q = -15 + 25. What is the remainder when c is divided by q?
4
Let f = -876 + 523. Let s = -322 - f. Calculate the remainder when s is divided by 20.
11
Let r(f) = -9*f + 58. Let p be r(7). What is the remainder when (-1)/(10/52)*p is divided by 4?
2
Let p be (0 - -2)*(-1)/(2/(-2)). Suppose -u = p*l + 105, 0*u + 4*u = -4*l - 212. Let a = l - -75. What is the remainder when a is divided by 6?
5
Suppose 2*m - 28 = -4*t, 106*m + 5*t = 101*m + 45. Calculate the remainder when 1011 is divided by m.
3
Suppose 3*m - 5*m = -42. Suppose -32*h + 36*h = 192. Calculate the remainder when h is divided by (-21)/4*(-28)/m.
6
Suppose 162*u - 163*u + 3*x + 48 = 0, -u - 9*x = 48. What is the remainder when 4654 is divided by u?
22
Let u = 60 + -78. Let m(o) = -o**3 - 17*o**2 + 12*o - 37. Let i be m(u). Let a = i + -58. What is the remainder when 35 is divided by a?
9
Suppose 2*u + l = -1, -l = -2*l - 1. Suppose 3*t - 21*t + 2070 = u. What is the remainder when t is divided by (-2)/(3/(87/(-2)))?
28
Suppose 0 = -1866*s + 1860*s + 276. Calculate the remainder when s is divided by 14.
4
Let f be (-58)/(-12) + 13/78 - -2. Suppose -f*w = -3*p - 3*w + 45, -p - 4*w + 15 = 0. Calculate the remainder when 23 is divided by p.
8
Let c = -1652 - -1665. Suppose -l + 2 = -44. Let j = -10 + l. Calculate the remainder when j is divided by c.
10
Let s(k) = -13*k**3 + 5*k**2 + 16*k + 73. What is the remainder when s(-4) is divided by 4?
1
Let i = 766 - 197. Let a = i - 446. Calculate the remainder when a is di